{"id":2,"date":"2025-08-20T16:16:14","date_gmt":"2025-08-20T14:16:14","guid":{"rendered":"https:\/\/helixcante.fr\/?page_id=2"},"modified":"2025-11-17T19:20:15","modified_gmt":"2025-11-17T18:20:15","slug":"contes-2","status":"publish","type":"page","link":"https:\/\/helixcante.fr\/index.php\/accueil\/contes-2\/","title":{"rendered":"Contes"},"content":{"rendered":"\n<p><\/p>\n\n\n\n<p class=\"has-text-align-center\">H\u00e9lix vous pr\u00e9sente le recueil des neuf contes de N\u00e9ris.<\/p>\n\n\n\n<figure class=\"wp-block-image aligncenter size-large is-resized\"><img loading=\"lazy\" decoding=\"async\" width=\"673\" height=\"1024\" src=\"https:\/\/helixcante.fr\/wp-content\/uploads\/2025\/08\/couv6-673x1024.png\" alt=\"\" class=\"wp-image-40\" style=\"width:222px;height:auto\" srcset=\"https:\/\/helixcante.fr\/wp-content\/uploads\/2025\/08\/couv6-673x1024.png 673w, https:\/\/helixcante.fr\/wp-content\/uploads\/2025\/08\/couv6-197x300.png 197w, https:\/\/helixcante.fr\/wp-content\/uploads\/2025\/08\/couv6-768x1168.png 768w, https:\/\/helixcante.fr\/wp-content\/uploads\/2025\/08\/couv6-1010x1536.png 1010w, https:\/\/helixcante.fr\/wp-content\/uploads\/2025\/08\/couv6-1346x2048.png 1346w, https:\/\/helixcante.fr\/wp-content\/uploads\/2025\/08\/couv6-scaled.png 1683w\" sizes=\"auto, (max-width: 673px) 100vw, 673px\" \/><\/figure>\n\n\n\n<div class=\"wp-block-buttons is-layout-flex wp-block-buttons-is-layout-flex\">\n<div class=\"wp-block-button\"><a class=\"wp-block-button__link wp-element-button\" href=\"https:\/\/helixcante.fr\/index.php\/media\/les-neuf-contes-de-neris\/\">bande annonce<\/a><\/div>\n\n\n\n<div class=\"wp-block-button\"><a class=\"wp-block-button__link wp-element-button\" href=\"https:\/\/lire.amazon.fr\/sample\/B0FR32PM71?clientId=share\">Extrait<\/a><\/div>\n\n\n\n<div class=\"wp-block-button\"><a class=\"wp-block-button__link wp-element-button\" href=\"https:\/\/amzn.eu\/d\/9r0wzMn\">acheter en ligne<\/a><\/div>\n<\/div>\n\n\n\n<blockquote class=\"wp-block-quote is-layout-flow wp-block-quote-is-layout-flow\">\n<pre class=\"wp-block-preformatted\">Au c\u0153ur des Combrailles et du Bourbonnais, l\u00e0 o\u00f9 les sources chaudes de N\u00e9ris nourrissent encore les r\u00e9cits anciens, se tissent neuf histoires o\u00f9 mythes et m\u00e9moire des lieux se r\u00e9pondent.<br>On y croise les divinit\u00e9s gauloises qui ont laiss\u00e9 leurs traces. Nerius, dieu des eaux vives, Epona, d\u00e9esse des chevaux et du Passage, gardienne des voyageurs ou encore Cernunnos ce dieu des cycles de la nature. <br>Dans les chemins creux, au d\u00e9tour d\u2019un bois ou sur les rives d\u2019un ruisseau oubli\u00e9, surgissent des rencontres qui changent un destin.<br>Ici, la sorci\u00e8re du bon c\u00f4t\u00e9 conna\u00eet le langage des simples et la sagesse ancestrale de la nature. L\u00e0 des artisans du feu partagent les secrets  du fourneau et des min\u00e9raux.<br>Chaque conte invite \u00e0 franchir un seuil myst\u00e9rieux : celui qui m\u00e8ne d\u2019un monde ordinaire aux royaumes cach\u00e9s de l\u2019imaginaire, o\u00f9 les l\u00e9gendes vivent encore.<br><br><strong>Avec ces contes, devenez conteur d\u2019un soir et faites revivre les veill\u00e9es d\u2019antan, avec vos voisins, amis et gens de passage...<\/strong> <\/pre>\n<\/blockquote>\n\n\n\n<p><a href=\"https:\/\/helixcante.fr\/index.php\/bonus-des-contes\/\" data-type=\"page\" data-id=\"201\">BONUS<\/a><\/p>\n\n\n\n<p><\/p>\n","protected":false},"excerpt":{"rendered":"<p>H\u00e9lix vous pr\u00e9sente le recueil des neuf contes de N\u00e9ris. Au c\u0153ur des Combrailles et du Bourbonnais, l\u00e0 o\u00f9 les [&hellip;]<\/p>\n","protected":false},"author":1,"featured_media":0,"parent":8,"menu_order":0,"comment_status":"closed","ping_status":"closed","template":"","meta":{"site-sidebar-layout":"default","site-content-layout":"","ast-site-content-layout":"default","site-content-style":"default","site-sidebar-style":"default","ast-global-header-display":"","ast-banner-title-visibility":"","ast-main-header-display":"","ast-hfb-above-header-display":"","ast-hfb-below-header-display":"","ast-hfb-mobile-header-display":"","site-post-title":"","ast-breadcrumbs-content":"","ast-featured-img":"","footer-sml-layout":"","ast-disable-related-posts":"","theme-transparent-header-meta":"","adv-header-id-meta":"","stick-header-meta":"","header-above-stick-meta":"","header-main-stick-meta":"","header-below-stick-meta":"","astra-migrate-meta-layouts":"default","ast-page-background-enabled":"default","ast-page-background-meta":{"desktop":{"background-color":"var(--ast-global-color-5)","background-image":"","background-repeat":"repeat","background-position":"center center","background-size":"auto","background-attachment":"scroll","background-type":"","background-media":"","overlay-type":"","overlay-color":"","overlay-opacity":"","overlay-gradient":""},"tablet":{"background-color":"","background-image":"","background-repeat":"repeat","background-position":"center center","background-size":"auto","background-attachment":"scroll","background-type":"","background-media":"","overlay-type":"","overlay-color":"","overlay-opacity":"","overlay-gradient":""},"mobile":{"background-color":"","background-image":"","background-repeat":"repeat","background-position":"center center","background-size":"auto","background-attachment":"scroll","background-type":"","background-media":"","overlay-type":"","overlay-color":"","overlay-opacity":"","overlay-gradient":""}},"ast-content-background-meta":{"desktop":{"background-color":"var(--ast-global-color-4)","background-image":"","background-repeat":"repeat","background-position":"center center","background-size":"auto","background-attachment":"scroll","background-type":"","background-media":"","overlay-type":"","overlay-color":"","overlay-opacity":"","overlay-gradient":""},"tablet":{"background-color":"var(--ast-global-color-4)","background-image":"","background-repeat":"repeat","background-position":"center center","background-size":"auto","background-attachment":"scroll","background-type":"","background-media":"","overlay-type":"","overlay-color":"","overlay-opacity":"","overlay-gradient":""},"mobile":{"background-color":"var(--ast-global-color-4)","background-image":"","background-repeat":"repeat","background-position":"center center","background-size":"auto","background-attachment":"scroll","background-type":"","background-media":"","overlay-type":"","overlay-color":"","overlay-opacity":"","overlay-gradient":""}},"footnotes":""},"class_list":["post-2","page","type-page","status-publish","hentry"],"_links":{"self":[{"href":"https:\/\/helixcante.fr\/index.php\/wp-json\/wp\/v2\/pages\/2","targetHints":{"allow":["GET"]}}],"collection":[{"href":"https:\/\/helixcante.fr\/index.php\/wp-json\/wp\/v2\/pages"}],"about":[{"href":"https:\/\/helixcante.fr\/index.php\/wp-json\/wp\/v2\/types\/page"}],"author":[{"embeddable":true,"href":"https:\/\/helixcante.fr\/index.php\/wp-json\/wp\/v2\/users\/1"}],"replies":[{"embeddable":true,"href":"https:\/\/helixcante.fr\/index.php\/wp-json\/wp\/v2\/comments?post=2"}],"version-history":[{"count":10,"href":"https:\/\/helixcante.fr\/index.php\/wp-json\/wp\/v2\/pages\/2\/revisions"}],"predecessor-version":[{"id":218,"href":"https:\/\/helixcante.fr\/index.php\/wp-json\/wp\/v2\/pages\/2\/revisions\/218"}],"up":[{"embeddable":true,"href":"https:\/\/helixcante.fr\/index.php\/wp-json\/wp\/v2\/pages\/8"}],"wp:attachment":[{"href":"https:\/\/helixcante.fr\/index.php\/wp-json\/wp\/v2\/media?parent=2"}],"curies":[{"name":"wp","href":"https:\/\/api.w.org\/{rel}","templated":true}]}}